+ 17 - -31) - (1 - 4)?
-16
Calculate -11 + -28 + 22 + 19.
2
Evaluate 10 + (-16 - (-3 - -6)).
-9
What is the value of 11 + (17 + -15 - 11)?
2
What is 13 - (2 + 2 + (2 - (2 - 2)))?
7
What is (-3 - 1) + (29 + -18 - 13)?
-6
Calculate 9 - 5 - 10 - (3 - -1 - -2).
-12
(-5 - 0) + 7 + -2 - 5
-5
Calculate 3 + -5 - (-12 - (4 + -1)).
13
Calculate (9 - (32 + 7)) + 41.
11
Calculate -43 + (11 + -5 - -5) - (3 + -4).
-31
Calculate 4 - 2 - -5 - (11 + -4) - -7.
7
What is 2 - ((-4 + -2 - -4) + -4 + 11)?
-3
28 + -16 + (-4 - 0) + 1 + 6
15
-2 + (20 - 40) + (-1 - -1 - 0)
-22
-16 - (-4 - -12) - -12
-12
What is -7 + (5 - (1 + 1)) - (23 + -15)?
-12
Calculate 1 + -8 - (-46 - -23 - -32).
-16
(2 - 2) + (38 - 3 - 24)
11
(2 - 3 - -23) + -90 + 88
20
Evaluate (-1 - -3) + 6 + -28 + 5.
-15
(-130 - -160) + -17 + 1
14
What is -8 - (-1 + (1 - -1))?
-9
-8 + 1 + 13 - 4 - 7
-5
What is -232 + 219 - (-2 + -8 + 0)?
-3
What is -16 + 31 - (9 - 2 - -1)?
7
Calculate -8 + -3 + (30 - (8 + 19)).
-8
What is 16 + -1 + 10 + (8 - 23)?
10
Calculate -227 + 226 + 1 + -6.
-6
Evaluate (-8 - -4) + -6 - (-3 - 1 - 3).
-3
Calculate 15 + -1 + 12 + -35.
-9
What is -459 + 423 + -3 + 5?
-34
What is -7 - (-72 - -30) - 21?
14
Evaluate -42 + 61 - (5 + -5 - -10).
9
What is the value of 36 + (-1 - ((12 - 3) + 1))?
25
What is the value of -11 + 7 + (-7 - 3 - -2) + 28?
16
Evaluate (1 - -6) + (-49 - -36) + (-1 - 6).
-13
Evaluate 11 + -13 - -44 - 22.
20
13 + 4 + -13 + (-1 - 13)
-10
4 - -42 - 37 - (0 + -3)
12
Calculate -24 + -12 + 3 + 10.
-23
Evaluate 21 + 7 + -99 + 79.
8
What is the value of (25 - (9 - 3)) + -6?
13
Evaluate 18 + 1 - (-128 + 162).
-15
Evaluate -15 - (8 + (-9 - 4 - -12)).
-22
Calculate 5 - (9 + (-1 - -1) - (60 + -53)).
3
Evaluate 16 - (13 + 2) - (-1 - 0) - -5.
7
11 + (-11 - 2) + -3 + 2 + -3
-6
Evaluate 17 + (-8 + (-10 - -25) - 16).
8
Calculate -13 + 26 + -9 + 1.
5
What is 0 - (6 - (14 + -5 + -4))?
-1
Calculate (4 - (5 - 5)) + -14.
-10
What is the value of 12 + 14 + -8 + -7?
11
1 - (11 + (-8 + 2 - -11) + -10)
-5
Evaluate 11 + (30 - 37) + 10 + 1.
15
What is the value of -96 + 88 - (-13 + 3)?
2
What is 2 + -2 + 0 + (12 - 8) + -5?
-1
Evaluate 3 + (5 - (7 + (8 - 11))).
4
What is the value of 7 + (3 - 1) - (14 + -7) - -1?
3
What is 24 + -3 + 5 + -12 + -8?
6
Calculate -3 + (-10 - -21 - (1 + -4 + -1)).
12
What is -31 - ((18 - 12) + -11) - 9?
-35
Calculate 26 - (21 - -13) - (-2 + -1).
-5
Calculate 183 + -196 - (0 + -2).
-11
Evaluate (13 - (5 - 0) - (-4 + 2)) + 1.
11
What is 2 + -3 + (0 - 8 - (-6 + 1))?
-4
What is the value of (-1 - 0) + -1 + (3 - -2) - -4?
7
Evaluate 18 - ((-6 - 0) + (59 - 49)).
14
35 + (21 - (-41 + 125))
-28
-10 + -11 + 41 + -1
19
What is the value of -4 + -8 - (24 - 20)?
-16
Calculate -2 + (0 - (-2 - -8)) + -44 + 70.
18
What is 0 + (-5 - 2) + -11 + 3 + 10?
-5
What is -1 - (1 + 24) - -32?
6
What is the value of 17 + 5 + -22 - (-6 + 0 + 1)?
5
What is the value of -24 + -36 + 51 - 17?
-26
-1 - (-14 - -10) - 2 - 8
-7
16 + (0 - -6 - (21 - 25))
26
Calculate (-3 - (33 + -34)) + -31.
-33
What is 0 + 6 - (2 + 10) - (-8 + 2)?
0
What is the value of 2 + -14 + (22 - (39 - 22))?
-7
-12 + 1 - (107 - 105)
-13
Calculate 10 + -5 + -5 - 2.
-2
Evaluate -34 + (50 + -30 - -12).
-2
Evaluate (4 - 3) + (-10 - (-5 + -5)).
1
Calculate -3 + (21 - 12 - 16).
-10
What is -1 + 3 + 39 + 1 + (1887 - 1896)?
33
What is -9 + -2 + 10 + -10 - -11?
0
(-2 + 13 - -5) + 29 + -33
12
Calculate 2 + -29 + 18 + 7.
-2
Evaluate 1 + -3 + 11 + 21 + -34.
-4
8 + -4 - 1 - (12 - (25 + -7))
9
Calculate -6 + (-5 + 7 + 8 + -7 - 2).
-5
Calculate (-2 - 0) + (-56 - -63) + -13.
-8
What is the value of 6 - 13 - (-1 - (5 - -10))?
9
Calculate (-18 + -30 - -22) + 15.
-11
-16 - (-10 + 11) - -3 - -19
5
2 + (-1 - 0 - 0) + -1 + 3
3
Calculate 3 - (-7 - (-2 + 11 - 15 - -18)).
22
Calculate 19 + 1 - (1874 - 1864).
10
What is the value of 2 + 7 + (147 - 176)?
-20
What is 15 - ((57 - 57) + (0 - 9)) - -8?
32
What is -42 + -9 + 40 + 8 + (3 - 2)?
-2
Evaluate (37 - 36) + 16 + -11 + 0 + 5.
11
(-10 - -1) + -129 + 143
5
What is (-2 - 11) + 12 + -5 + (-27 - -6)?
-27
Evaluate 0 + 2 + -17 + 35 + 3.
23
Calculate 6 - (-7 - 2 - -5 - -4).
6
What is the value of (16 + 2 - -1) + 38 + -49?
8
Evaluate -11 + 4 + (-7 + (0 - -12) - 2).
-4
Evaluate -14 - (0 - 4 - (5 + 0) - -5).
-10
-4 - (5 - 5) - (0 - (5 + -7))
-6
0 + 13 - (168 - 159)
4
Calculate (6 - 13) + -9 - -7 - -4.
-5
What is -8 - (3 + -3 + (10 + -11 - 2))?
-5
What is -142 - -133 - (0 + 9)?
-18
Calculate (15 - (39 + -19)) + (0 - -2).
-3
(-14 - -15) + 2 + -13
-10
Calculate 5 + -3 + 3 + -4 + 2 + 8.
11
What is the value of 0 + 11 - (-7 + 22)?
-4
Evaluate -1 + (-17 - (-21 - -12)) + 9.
0
(48 - (20 - 24)) + -25
27
-1 - 0 - (16 + -20 - 7)
10
What is the value of -7 + -12 + 11 - -31 - 4?
19
What is -29 + 72 + -18 - 0?
25
What is 1000 + -996 + (1 - 1) + 4?
8
What is the value of 12 + -4 + (-6 - 11) - -27?
18
What is the value of 3 - (3 + 2) - -21 - (112 - 104)?
11
What is (54 - 60 - (0 + -3)) + -8?
-11
(0 - (17 - 15)) + -27 + -2 - -3
-28
What is -23 + 8 + -16 + 10?
-21
What is the value of -14 - -16 - (-4 + -2 - 0)?
8
What is the value of 0 + (-6 - 0) + (-2 + 2 - -4)?
-2
Calculate 0 - 5 - 1 - (-11 - -1).
4
Evaluate 7 + (41 - (-14 - -29)).
33
Calculate -8 + (4 - (-5 - -23) - 3 - -7).
-18
Calculate (100 - 101) + (0 - (-2 - 7)).
8
Evaluate 8 - (-6 + 3) - (103 - 124).
32
6 + -6 + 3 + 4 + 5 + -10
2
Evaluate 37 + (-25 + 10 - 12) + 15.
25
What is -19 - (-29 + (24 - 16))?
2
Calculate -6 + 4 + 24 + -31.
-9
Calculate -1 + -5 + 58 + (-18 - -3) - 5.
32
Calculate -3 + -1 + 9 + 8 + 0 + -1.
12
(-3 - -12) + 29 + -55 - -9
-8
10 - 3 - (91 - 77)
-7
What is 3 + 0 + 11 + -127 + 131?
18
Calculate 0 + 2 - ((-1 - 4) + (-16 - -23)).
0
239 + -237 + (0 + -9 - (1 - 1))
-7
Evaluate -6 + (-2 - -4) + (1 - 11) - 1.
-15
What is 12 + -1 + -4 + 31 + -28?
10
21 + (1 - (8 - -8 - 6))
12
Evaluate (8 - ((25 - 9) + -1)) + -5.
-12
What is 24 + -7 + -12 - 17?
-12
What is the value of (-7 + (1 - 2) - (-13 + 11)) + 20?
14
141 - 167 - (-15 - -1)
-12
What is 9 - ((1 - -13) + 5)?
-10
1 - (13 - -1) - (-5537 + 5556)
-32
-23 - (-6 + -1 + -20 + 15 + 5)
-16
What is the value of -8 - (-16 + (-12 - -22))?
-2
Calculate ((1 - -21) + -16 - (8 + -1)) + -9.
-10
Calculate -3 - (-2 - (-3 + 6) - -4).
-2
What is the value of -4 + (7 - (13 + -7 - (5 - 0)))?
2
Evaluate -3 + 3 + 17 - 25 - 29.
-37
What is the value of 0 + 3 + (-87 - -75) + 36 - 6?
21
What is the value of 1271 + -1254 + 2 + -3 + 2?
18
Calculate (-2 - -3) + -3 - (-3 + 13 + -4).
-8
What is the value of (0 + 9 + 1 - 2) + 2?
10
Evaluate 12 + (-11 + 1 - (-34 + 24)).
12
(-4 - 19) + (-2 - (2 - 1)) - -3
-23
What is the value of -12 - (9 - (-8 + 62 + -11))?
22
What is the value of -17 + (5 + -2 - (-7 + 0))?
-7
Calculate -46 + (33 - 49) + 43.
-19
Calculate 5 + -7 + 9 + -2.
5
What is the value of 1 + -26 - (-630 + 589)?
16
Calculate 7 + -4 + 8 + -3 - (18 - 4).
-6
What is 6 + -37 + (8 - -5)?
-18
Calculate 20 + (1 - -3) + (-7 - 2).
15
-31 - -45 - 3 - 17
-6
What is the value of -5 - (7 - (-11 + 23 - 11) - 0)?
-11
What is the value of (-41 - (-8 + -20 - -18)) + 6?
-25
What is the value of 4 - (18 - (0 - -6))?
-8
Evaluate 36 + -7 + -3 + 11 + 2 + -9.
30
What is the value of -1 + (1 - 3) + (7 - 8) + -2?
-6
Calculate 13 + -7 + -2 - ((-2 - -3) + -10).
13
What is (1 - 33) + (1268 - 1234)?
2
-5 - -7 - (0 + -1) - -4
7
Evaluate -16 + 25 + -10 + -2.
-3
-22 + 31 + -4 - 27
-22
(0 - 0) + (-32 - -14 - -22)
4
What is (-11 + -2 - 5) + 11?
-7
What is (1 - 25) + (-2564 - -2609)?
21
What is 13 + 6 + (-26 - -5)?
-2
What is the value of -11 + 14 - (-5 + 15)?
-7
What is the value of (42 - 2 - 17) + -22?
1
What is the value of 66 + -63 + (-3 - -3 - 7) + 19?
15
Calculate (-7 - 0 - (-4 + 10)) + 7.
-6
Evaluate (-13 - -5 - 0) + -1 + 16 - 2.
5
What is the value of -11 - -4 - ((5 - 0) + -8 + -16)?
12
What is 56 + 14 + -20 + -20?
30
Calculate 1 + -23 + -26 + (19 - 4).
-33
Calculate -1 + -5 + (5 - 7 - 5).
-13
What is the value of -16 + 5 + (7 - -2) + 19?
17
Evaluate 26 + -37 + 18 + -5.
2
(-37 - -55) + -13 + 6
11
23 - (0 + (-9 - -2) + 3)
27
Calculate (-15 - 21) + 65 - 20.
9
Calculate (-3 - -3 - -4) + 27 + (14 - 8).
37
Evaluate 2 + 0 + -17 + 14 + 3 + -7.
-5
Calculate 33 + 0 + 632 + -682.
-17
What is the value of -3 + (1 + 1 - (4 - (-12 + 14)))?
-3
Calculate -4 + 1 - (-10 - (-16 - -8) - 2